{"id":2463,"date":"2023-03-30T14:56:03","date_gmt":"2023-03-30T12:56:03","guid":{"rendered":"https:\/\/www.katzenhoffnung.at\/kaho\/?page_id=2463"},"modified":"2023-03-30T15:06:07","modified_gmt":"2023-03-30T13:06:07","slug":"handicats-2","status":"publish","type":"page","link":"https:\/\/www.katzenhoffnung.at\/kaho\/handicats-2\/","title":{"rendered":"gel\u00e4hmte\/inkontinente HandiCATs"},"content":{"rendered":"<p><strong><span style=\"font-size: 23px;\">Inkontinente &amp; querschnittgel\u00e4hmte Katzen<\/span><\/strong><\/p>\n<p>HANDICAP ist nicht gleich HANDICAP! Denn es gibt HandiCATS (behinderte Katzen), die sehr betreuungsintensiv sind und genau diesen Katzen haben wir uns angenommen &#8211; wir haben uns auf <strong>inkontinente und querschnittgel\u00e4hmte Katzen<\/strong> spezialisiert.<\/p>\n<p>Die Besonderheit bei inkontinenten Katzen ist, dass sie sowohl ihren Urin als auch ihren Kot unkontrolliert verlieren.&nbsp;Dar\u00fcber hinaus muss man ihnen mehrmals t\u00e4glich die Blase ausmassieren, um gesundheitliche Risiken zu minimieren.&nbsp;Dies bedeutet einen hohen Pflegeaufwand sowie Putzaufwand, um die Hygiene stets auf hohem Niveau zu halten.&nbsp;<\/p>\n<p>Mehr Infos zu unserem &#8222;Tun&#8220; findest du in den beiden nachfolgenden Videos:<\/p>\n","protected":false},"excerpt":{"rendered":"<p>Inkontinente &amp; querschnittgel\u00e4hmte Katzen HANDICAP ist nicht gleich HANDICAP! Denn es gibt HandiCATS (behinderte Katzen), die sehr betreuungsintensiv sind und genau diesen Katzen haben wir uns angenommen &#8211; wir haben uns auf inkontinente und querschnittgel\u00e4hmte Katzen spezialisiert. Die Besonderheit bei inkontinenten Katzen ist, dass sie sowohl ihren Urin als auch ihren Kot unkontrolliert verlieren.&nbsp;Dar\u00fcber hinaus [&hellip;]<\/p>\n","protected":false},"author":2,"featured_media":0,"parent":0,"menu_order":0,"comment_status":"closed","ping_status":"closed","template":"","meta":{"site-sidebar-layout":"default","site-content-layout":"","ast-site-content-layout":"default","site-content-style":"default","site-sidebar-style":"default","ast-global-header-display":"","ast-banner-title-visibility":"","ast-main-header-display":"","ast-hfb-above-header-display":"","ast-hfb-below-header-display":"","ast-hfb-mobile-header-display":"","site-post-title":"","ast-breadcrumbs-content":"","ast-featured-img":"","footer-sml-layout":"","ast-disable-related-posts":"","theme-transparent-header-meta":"","adv-header-id-meta":"250","stick-header-meta":"","header-above-stick-meta":"","header-main-stick-meta":"","header-below-stick-meta":"","astra-migrate-meta-layouts":"default","ast-page-background-enabled":"default","ast-page-background-meta":{"desktop":{"background-color":"","background-image":"","background-repeat":"repeat","background-position":"center center","background-size":"auto","background-attachment":"scroll","background-type":"","background-media":"","overlay-type":"","overlay-color":"","overlay-opacity":"","overlay-gradient":""},"tablet":{"background-color":"","background-image":"","background-repeat":"repeat","background-position":"center center","background-size":"auto","background-attachment":"scroll","background-type":"","background-media":"","overlay-type":"","overlay-color":"","overlay-opacity":"","overlay-gradient":""},"mobile":{"background-color":"","background-image":"","background-repeat":"repeat","background-position":"center center","background-size":"auto","background-attachment":"scroll","background-type":"","background-media":"","overlay-type":"","overlay-color":"","overlay-opacity":"","overlay-gradient":""}},"ast-content-background-meta":{"desktop":{"background-color":"var(--ast-global-color-5)","background-image":"","background-repeat":"repeat","background-position":"center center","background-size":"auto","background-attachment":"scroll","background-type":"","background-media":"","overlay-type":"","overlay-color":"","overlay-opacity":"","overlay-gradient":""},"tablet":{"background-color":"var(--ast-global-color-5)","background-image":"","background-repeat":"repeat","background-position":"center center","background-size":"auto","background-attachment":"scroll","background-type":"","background-media":"","overlay-type":"","overlay-color":"","overlay-opacity":"","overlay-gradient":""},"mobile":{"background-color":"var(--ast-global-color-5)","background-image":"","background-repeat":"repeat","background-position":"center center","background-size":"auto","background-attachment":"scroll","background-type":"","background-media":"","overlay-type":"","overlay-color":"","overlay-opacity":"","overlay-gradient":""}},"ngg_post_thumbnail":0,"footnotes":"","tve_updated_post":"<div class=\"thrv_wrapper thrv_text_element\"><strong><span style=\"font-size: 23px;\" data-css=\"tve-u-187329a7c9d\">Inkontinente &amp; querschnittgel\u00e4hmte Katzen<\/span><\/strong><p>HANDICAP ist nicht gleich HANDICAP! Denn es gibt HandiCATS (behinderte Katzen), die sehr betreuungsintensiv sind und genau diesen Katzen haben wir uns angenommen - wir haben uns auf <strong>inkontinente und querschnittgel\u00e4hmte Katzen<\/strong> spezialisiert.<\/p><p>Die Besonderheit bei inkontinenten Katzen ist, dass sie sowohl ihren Urin als auch ihren Kot unkontrolliert verlieren.&nbsp;<br>Dar\u00fcber hinaus muss man ihnen mehrmals t\u00e4glich die Blase ausmassieren, um gesundheitliche Risiken zu minimieren.&nbsp;<br>Dies bedeutet einen hohen Pflegeaufwand sowie Putzaufwand, um die Hygiene stets auf hohem Niveau zu halten.&nbsp;<\/p><p>Mehr Infos zu unserem \"Tun\" findest du in den beiden nachfolgenden Videos:<\/p><\/div><div class=\"thrv_wrapper thrv-columns\" style=\"--tcb-col-el-width: 1092;\" data-css=\"tve-u-187329fadff\"><div class=\"tcb-flex-row v-2 tcb--cols--2\" data-css=\"tve-u-187329fbcb7\"><div class=\"tcb-flex-col\" data-css=\"tve-u-187329de197\"><div class=\"tcb-col\"><div class=\"thrv_responsive_video thrv_wrapper tcb-lazy-load tcb-lazy-load- tcb-lazy-load-custom\" data-aspect-ratio-default=\"0\" data-float=\"false\" data-float-visibility=\"mobile\" data-type=\"custom\" data-no-download=\"1\" data-aspect-ratio=\"16:9\" data-overlay=\"1\" data-video-cover-type=\"cover\" data-float-position=\"top-left\" data-float-width-d=\"300px\" data-float-padding1-d=\"25px\" data-float-padding2-d=\"25px\">\n\t\n\n\t<div class=\"tve_responsive_video_container\" style=\"padding-bottom: 56.25%;\">\n\t\t<div class=\"tcb-video-float-container\"><div class=\"video_overlay tcb-video-cover thrv_wrapper tcb-local-vars-root\" data-preload=\"1\" data-ct=\"video_cover-0\" data-ct-name=\"Default cover\" data-cover-thumbnail-type=\"dynamic\" data-css=\"tve-u-187329ee6e9\">[tcb_video_cover_featured_image]<span class=\"tcb-video-cover-overlay\" style=\"\"><\/span><div class=\"tcb-video-cover-default-text-wrapper thrv_wrapper thrv_contentbox_shortcode thrv-content-box tve-elem-default-pad\">\n\t<div class=\"tcb-video-cover-default-text-wrapper-bg tve-content-box-background\"><\/div>\n\t<div class=\"tve-cb\" style=\"\">\n\t\t<div class=\"thrv_wrapper thrv_text_element\"><p style=\"text-align: center;\">Click to play<\/p><\/div>\n\t<\/div>\n<\/div>\n<div class=\"tcb-video-cover-default-arrow thrv_wrapper thrv_icon tcb-icon-display tcb-local-vars-root\">\n\t<svg class=\"tcb-icon\" viewBox=\"0 0 24 24\" data-id=\"icon-undo-solid\" data-name=\"\">\n\t\t<path d=\"M12.5,8C9.85,8 7.45,9 5.6,10.6L2,7V16H11L7.38,12.38C8.77,11.22 10.54,10.5 12.5,10.5C16.04,10.5 19.05,12.81 20.1,16L22.47,15.22C21.08,11.03 17.15,8 12.5,8Z\"><\/path>\n\t<\/svg>\n<\/div>\n<div class=\"tcb-video-cover-default-play-icon thrv_wrapper thrv_icon tcb-icon-display tcb-local-vars-root tve_evt_manager_listen tve_et_mouseover tve_ea_thrive_animation tve_anim_pulse_grow\" data-tcb-events=\"__TCB_EVENT_[{&quot;t&quot;:&quot;mouseover&quot;,&quot;config&quot;:{&quot;anim&quot;:&quot;pulse_grow&quot;,&quot;loop&quot;:1},&quot;a&quot;:&quot;thrive_animation&quot;}]_TNEVE_BCT__\">\n\t<svg class=\"tcb-icon\" viewBox=\"0 0 24 24\" data-id=\"icon-play-solid\" data-name=\"\">\n\t\t<path d=\"M8,5.14V19.14L19,12.14L8,5.14Z\"><\/path>\n\t<\/svg>\n<\/div>\n<\/div><video style=\"width: 100%;\" playsinline=\"\" class=\"tcb-responsive-video\" data-title=\"Katzenhoffnung Steiermark bei Steiermark Heute in ORF2\" data-id=\"1945\" controls=\"controls\" controlslist=\"nodownload\" preload=\"metadata\">\n\t<source src=\"https:\/\/www.katzenhoffnung.at\/kaho\/wp-content\/uploads\/Katzenhoffnung-Steiermark-bei-Steiermark-Heute-in-ORF2.mp4#t=0.1\" type=\"video\/mp4\">\n<\/video><\/div>\n\t\n\n\n<\/div>\n<\/div><\/div><\/div><div class=\"tcb-flex-col\"><div class=\"tcb-col\"><div class=\"thrv_responsive_video thrv_wrapper tcb-lazy-load tcb-lazy-load-custom\" data-modestbranding=\"1\" data-aspect-ratio-default=\"0\" data-type=\"custom\" data-no-download=\"1\" data-float=\"false\" data-aspect-ratio=\"16:9\" data-float-visibility=\"mobile\" data-css=\"tve-u-187329ea7ee\" data-overlay=\"1\" data-video-cover-type=\"cover\" data-float-position=\"top-left\" data-float-width-d=\"300px\" data-float-padding1-d=\"25px\" data-float-padding2-d=\"25px\">\n\t\n\n\t<div class=\"tve_responsive_video_container\" style=\"padding-bottom: 56.25%;\">\n\t\t<div class=\"tcb-video-float-container\"><div class=\"video_overlay tcb-video-cover thrv_wrapper tcb-local-vars-root\" data-preload=\"1\" data-ct=\"video_cover-0\" data-ct-name=\"Default cover\" data-cover-thumbnail-type=\"dynamic\" data-css=\"tve-u-187329f3501\">[tcb_video_cover_featured_image]<span class=\"tcb-video-cover-overlay\" style=\"\"><\/span><div class=\"tcb-video-cover-default-text-wrapper thrv_wrapper thrv_contentbox_shortcode thrv-content-box tve-elem-default-pad\">\n\t<div class=\"tcb-video-cover-default-text-wrapper-bg tve-content-box-background\"><\/div>\n\t<div class=\"tve-cb\" style=\"\">\n\t\t<div class=\"thrv_wrapper thrv_text_element\"><p style=\"text-align: center;\">Click to play<\/p><\/div>\n\t<\/div>\n<\/div>\n<div class=\"tcb-video-cover-default-arrow thrv_wrapper thrv_icon tcb-icon-display tcb-local-vars-root\">\n\t<svg class=\"tcb-icon\" viewBox=\"0 0 24 24\" data-id=\"icon-undo-solid\" data-name=\"\">\n\t\t<path d=\"M12.5,8C9.85,8 7.45,9 5.6,10.6L2,7V16H11L7.38,12.38C8.77,11.22 10.54,10.5 12.5,10.5C16.04,10.5 19.05,12.81 20.1,16L22.47,15.22C21.08,11.03 17.15,8 12.5,8Z\"><\/path>\n\t<\/svg>\n<\/div>\n<div class=\"tcb-video-cover-default-play-icon thrv_wrapper thrv_icon tcb-icon-display tcb-local-vars-root tve_evt_manager_listen tve_et_mouseover tve_ea_thrive_animation tve_anim_pulse_grow\" data-tcb-events=\"__TCB_EVENT_[{&quot;t&quot;:&quot;mouseover&quot;,&quot;config&quot;:{&quot;anim&quot;:&quot;pulse_grow&quot;,&quot;loop&quot;:1},&quot;a&quot;:&quot;thrive_animation&quot;}]_TNEVE_BCT__\">\n\t<svg class=\"tcb-icon\" viewBox=\"0 0 24 24\" data-id=\"icon-play-solid\" data-name=\"\">\n\t\t<path d=\"M8,5.14V19.14L19,12.14L8,5.14Z\"><\/path>\n\t<\/svg>\n<\/div>\n<\/div><video style=\"width: 100%;\" playsinline=\"\" class=\"tcb-responsive-video\" data-title=\"Steiermark Heute 02_23\" data-id=\"2258\" controls=\"controls\" controlslist=\"nodownload\" preload=\"metadata\">\n\t<source src=\"https:\/\/www.katzenhoffnung.at\/kaho\/wp-content\/uploads\/Steiermark-Heute-02_23.mp4#t=0.1\" type=\"video\/mp4\">\n<\/video><\/div>\n\t\n\n\n<\/div>\n<\/div><\/div><\/div><\/div><\/div>","tve_custom_css":"@media (min-width: 300px){[data-css=\"tve-u-187329a7c9d\"] { font-size: 23px !important; }[data-css=\"tve-u-187329de197\"] { max-width: 50%; }[data-css=\"tve-u-187329ee6e9\"] .tcb-video-cover-overlay { background-color: rgb(4, 120, 68); --tve-applied-background-color: rgb(4, 120, 68); }[data-css=\"tve-u-187329f3501\"] .tcb-video-cover-overlay { background-color: rgb(4, 120, 68); --tve-applied-background-color: rgb(4, 120, 68); }[data-css=\"tve-u-187329fadff\"] { margin-top: 0px !important; }[data-css=\"tve-u-187329fbcb7\"] { padding-top: 0px !important; }}","tve_user_custom_css":"","tve_globals":{"e":"1","font_cls":[]},"tcb2_ready":1,"tcb_editor_enabled":1,"tve_landing_page":"","_tve_header":"","_tve_footer":""},"class_list":["post-2463","page","type-page","status-publish","hentry"],"yoast_head":"<!-- This site is optimized with the Yoast SEO plugin v27.5 - https:\/\/yoast.com\/product\/yoast-seo-wordpress\/ -->\n<title>gel\u00e4hmte inkontinente Handicats Katzenhoffnung Steiermark Paradies f\u00fcr Handicats behinderte Katzen<\/title>\n<meta name=\"description\" content=\"Paradies f\u00fcr HandiCATs - behinderte Katzen - Katzenhoffnung Steiermark in Mooskirchen - Graz-Umgebung - Voitsberg\" \/>\n<meta name=\"robots\" content=\"index, follow, max-snippet:-1, max-image-preview:large, max-video-preview:-1\" \/>\n<link rel=\"canonical\" href=\"https:\/\/www.katzenhoffnung.at\/kaho\/handicats-2\/\" \/>\n<meta property=\"og:locale\" content=\"de_DE\" \/>\n<meta property=\"og:type\" content=\"article\" \/>\n<meta property=\"og:title\" content=\"gel\u00e4hmte inkontinente Handicats Katzenhoffnung Steiermark Paradies f\u00fcr Handicats behinderte Katzen\" \/>\n<meta property=\"og:description\" content=\"Paradies f\u00fcr HandiCATs - behinderte Katzen - Katzenhoffnung Steiermark in Mooskirchen - Graz-Umgebung - Voitsberg\" \/>\n<meta property=\"og:url\" content=\"https:\/\/www.katzenhoffnung.at\/kaho\/handicats-2\/\" \/>\n<meta property=\"og:site_name\" content=\"Paradies f\u00fcr HandiCATs Katzenhoffnung\" \/>\n<meta property=\"article:publisher\" content=\"https:\/\/www.facebook.com\/katzenhoffnung\" \/>\n<meta property=\"article:modified_time\" content=\"2023-03-30T13:06:07+00:00\" \/>\n<meta property=\"og:image\" content=\"https:\/\/www.katzenhoffnung.at\/kaho\/wp-content\/uploads\/image-2.png\" \/>\n\t<meta property=\"og:image:width\" content=\"500\" \/>\n\t<meta property=\"og:image:height\" content=\"517\" \/>\n\t<meta property=\"og:image:type\" content=\"image\/png\" \/>\n<meta name=\"twitter:card\" content=\"summary_large_image\" \/>\n<meta name=\"twitter:label1\" content=\"Gesch\u00e4tzte Lesezeit\" \/>\n\t<meta name=\"twitter:data1\" content=\"1\u00a0Minute\" \/>\n<script type=\"application\/ld+json\" class=\"yoast-schema-graph\">{\"@context\":\"https:\\\/\\\/schema.org\",\"@graph\":[{\"@type\":\"WebPage\",\"@id\":\"https:\\\/\\\/www.katzenhoffnung.at\\\/kaho\\\/handicats-2\\\/\",\"url\":\"https:\\\/\\\/www.katzenhoffnung.at\\\/kaho\\\/handicats-2\\\/\",\"name\":\"gel\u00e4hmte inkontinente Handicats Katzenhoffnung Steiermark Paradies f\u00fcr Handicats behinderte Katzen\",\"isPartOf\":{\"@id\":\"https:\\\/\\\/www.katzenhoffnung.at\\\/kaho\\\/#website\"},\"datePublished\":\"2023-03-30T12:56:03+00:00\",\"dateModified\":\"2023-03-30T13:06:07+00:00\",\"description\":\"Paradies f\u00fcr HandiCATs - behinderte Katzen - Katzenhoffnung Steiermark in Mooskirchen - Graz-Umgebung - Voitsberg\",\"breadcrumb\":{\"@id\":\"https:\\\/\\\/www.katzenhoffnung.at\\\/kaho\\\/handicats-2\\\/#breadcrumb\"},\"inLanguage\":\"de\",\"potentialAction\":[{\"@type\":\"ReadAction\",\"target\":[\"https:\\\/\\\/www.katzenhoffnung.at\\\/kaho\\\/handicats-2\\\/\"]}]},{\"@type\":\"BreadcrumbList\",\"@id\":\"https:\\\/\\\/www.katzenhoffnung.at\\\/kaho\\\/handicats-2\\\/#breadcrumb\",\"itemListElement\":[{\"@type\":\"ListItem\",\"position\":1,\"name\":\"Startseite\",\"item\":\"https:\\\/\\\/www.katzenhoffnung.at\\\/kaho\\\/\"},{\"@type\":\"ListItem\",\"position\":2,\"name\":\"gel\u00e4hmte\\\/inkontinente HandiCATs\"}]},{\"@type\":\"WebSite\",\"@id\":\"https:\\\/\\\/www.katzenhoffnung.at\\\/kaho\\\/#website\",\"url\":\"https:\\\/\\\/www.katzenhoffnung.at\\\/kaho\\\/\",\"name\":\"Paradies f\u00fcr HandiCATs Katzenhoffnung Steiermark\",\"description\":\"Behinderte Katzen - HandiCATs - SpecialCareCATs\",\"publisher\":{\"@id\":\"https:\\\/\\\/www.katzenhoffnung.at\\\/kaho\\\/#organization\"},\"alternateName\":\"HandiCATs Mooskirchen\",\"potentialAction\":[{\"@type\":\"SearchAction\",\"target\":{\"@type\":\"EntryPoint\",\"urlTemplate\":\"https:\\\/\\\/www.katzenhoffnung.at\\\/kaho\\\/?s={search_term_string}\"},\"query-input\":{\"@type\":\"PropertyValueSpecification\",\"valueRequired\":true,\"valueName\":\"search_term_string\"}}],\"inLanguage\":\"de\"},{\"@type\":\"Organization\",\"@id\":\"https:\\\/\\\/www.katzenhoffnung.at\\\/kaho\\\/#organization\",\"name\":\"Paradies f\u00fcr HandiCATs Katzenhoffnung Steiermark\",\"alternateName\":\"behinderte Katzen - HandiCat\",\"url\":\"https:\\\/\\\/www.katzenhoffnung.at\\\/kaho\\\/\",\"logo\":{\"@type\":\"ImageObject\",\"inLanguage\":\"de\",\"@id\":\"https:\\\/\\\/www.katzenhoffnung.at\\\/kaho\\\/#\\\/schema\\\/logo\\\/image\\\/\",\"url\":\"https:\\\/\\\/www.katzenhoffnung.at\\\/kaho\\\/wp-content\\\/uploads\\\/cropped-kaho-stmk_v3-300x140-1.png\",\"contentUrl\":\"https:\\\/\\\/www.katzenhoffnung.at\\\/kaho\\\/wp-content\\\/uploads\\\/cropped-kaho-stmk_v3-300x140-1.png\",\"width\":265,\"height\":110,\"caption\":\"Paradies f\u00fcr HandiCATs Katzenhoffnung Steiermark\"},\"image\":{\"@id\":\"https:\\\/\\\/www.katzenhoffnung.at\\\/kaho\\\/#\\\/schema\\\/logo\\\/image\\\/\"},\"sameAs\":[\"https:\\\/\\\/www.facebook.com\\\/katzenhoffnung\",\"https:\\\/\\\/www.tiktok.com\\\/@handicats\",\"https:\\\/\\\/www.instagram.com\\\/paradise_for_handicats\\\/\"]}]}<\/script>\n<!-- \/ Yoast SEO plugin. -->","yoast_head_json":{"title":"gel\u00e4hmte inkontinente Handicats Katzenhoffnung Steiermark Paradies f\u00fcr Handicats behinderte Katzen","description":"Paradies f\u00fcr HandiCATs - behinderte Katzen - Katzenhoffnung Steiermark in Mooskirchen - Graz-Umgebung - Voitsberg","robots":{"index":"index","follow":"follow","max-snippet":"max-snippet:-1","max-image-preview":"max-image-preview:large","max-video-preview":"max-video-preview:-1"},"canonical":"https:\/\/www.katzenhoffnung.at\/kaho\/handicats-2\/","og_locale":"de_DE","og_type":"article","og_title":"gel\u00e4hmte inkontinente Handicats Katzenhoffnung Steiermark Paradies f\u00fcr Handicats behinderte Katzen","og_description":"Paradies f\u00fcr HandiCATs - behinderte Katzen - Katzenhoffnung Steiermark in Mooskirchen - Graz-Umgebung - Voitsberg","og_url":"https:\/\/www.katzenhoffnung.at\/kaho\/handicats-2\/","og_site_name":"Paradies f\u00fcr HandiCATs Katzenhoffnung","article_publisher":"https:\/\/www.facebook.com\/katzenhoffnung","article_modified_time":"2023-03-30T13:06:07+00:00","og_image":[{"width":500,"height":517,"url":"https:\/\/www.katzenhoffnung.at\/kaho\/wp-content\/uploads\/image-2.png","type":"image\/png"}],"twitter_card":"summary_large_image","twitter_misc":{"Gesch\u00e4tzte Lesezeit":"1\u00a0Minute"},"schema":{"@context":"https:\/\/schema.org","@graph":[{"@type":"WebPage","@id":"https:\/\/www.katzenhoffnung.at\/kaho\/handicats-2\/","url":"https:\/\/www.katzenhoffnung.at\/kaho\/handicats-2\/","name":"gel\u00e4hmte inkontinente Handicats Katzenhoffnung Steiermark Paradies f\u00fcr Handicats behinderte Katzen","isPartOf":{"@id":"https:\/\/www.katzenhoffnung.at\/kaho\/#website"},"datePublished":"2023-03-30T12:56:03+00:00","dateModified":"2023-03-30T13:06:07+00:00","description":"Paradies f\u00fcr HandiCATs - behinderte Katzen - Katzenhoffnung Steiermark in Mooskirchen - Graz-Umgebung - Voitsberg","breadcrumb":{"@id":"https:\/\/www.katzenhoffnung.at\/kaho\/handicats-2\/#breadcrumb"},"inLanguage":"de","potentialAction":[{"@type":"ReadAction","target":["https:\/\/www.katzenhoffnung.at\/kaho\/handicats-2\/"]}]},{"@type":"BreadcrumbList","@id":"https:\/\/www.katzenhoffnung.at\/kaho\/handicats-2\/#breadcrumb","itemListElement":[{"@type":"ListItem","position":1,"name":"Startseite","item":"https:\/\/www.katzenhoffnung.at\/kaho\/"},{"@type":"ListItem","position":2,"name":"gel\u00e4hmte\/inkontinente HandiCATs"}]},{"@type":"WebSite","@id":"https:\/\/www.katzenhoffnung.at\/kaho\/#website","url":"https:\/\/www.katzenhoffnung.at\/kaho\/","name":"Paradies f\u00fcr HandiCATs Katzenhoffnung Steiermark","description":"Behinderte Katzen - HandiCATs - SpecialCareCATs","publisher":{"@id":"https:\/\/www.katzenhoffnung.at\/kaho\/#organization"},"alternateName":"HandiCATs Mooskirchen","potentialAction":[{"@type":"SearchAction","target":{"@type":"EntryPoint","urlTemplate":"https:\/\/www.katzenhoffnung.at\/kaho\/?s={search_term_string}"},"query-input":{"@type":"PropertyValueSpecification","valueRequired":true,"valueName":"search_term_string"}}],"inLanguage":"de"},{"@type":"Organization","@id":"https:\/\/www.katzenhoffnung.at\/kaho\/#organization","name":"Paradies f\u00fcr HandiCATs Katzenhoffnung Steiermark","alternateName":"behinderte Katzen - HandiCat","url":"https:\/\/www.katzenhoffnung.at\/kaho\/","logo":{"@type":"ImageObject","inLanguage":"de","@id":"https:\/\/www.katzenhoffnung.at\/kaho\/#\/schema\/logo\/image\/","url":"https:\/\/www.katzenhoffnung.at\/kaho\/wp-content\/uploads\/cropped-kaho-stmk_v3-300x140-1.png","contentUrl":"https:\/\/www.katzenhoffnung.at\/kaho\/wp-content\/uploads\/cropped-kaho-stmk_v3-300x140-1.png","width":265,"height":110,"caption":"Paradies f\u00fcr HandiCATs Katzenhoffnung Steiermark"},"image":{"@id":"https:\/\/www.katzenhoffnung.at\/kaho\/#\/schema\/logo\/image\/"},"sameAs":["https:\/\/www.facebook.com\/katzenhoffnung","https:\/\/www.tiktok.com\/@handicats","https:\/\/www.instagram.com\/paradise_for_handicats\/"]}]}},"_links":{"self":[{"href":"https:\/\/www.katzenhoffnung.at\/kaho\/wp-json\/wp\/v2\/pages\/2463","targetHints":{"allow":["GET"]}}],"collection":[{"href":"https:\/\/www.katzenhoffnung.at\/kaho\/wp-json\/wp\/v2\/pages"}],"about":[{"href":"https:\/\/www.katzenhoffnung.at\/kaho\/wp-json\/wp\/v2\/types\/page"}],"author":[{"embeddable":true,"href":"https:\/\/www.katzenhoffnung.at\/kaho\/wp-json\/wp\/v2\/users\/2"}],"replies":[{"embeddable":true,"href":"https:\/\/www.katzenhoffnung.at\/kaho\/wp-json\/wp\/v2\/comments?post=2463"}],"version-history":[{"count":0,"href":"https:\/\/www.katzenhoffnung.at\/kaho\/wp-json\/wp\/v2\/pages\/2463\/revisions"}],"wp:attachment":[{"href":"https:\/\/www.katzenhoffnung.at\/kaho\/wp-json\/wp\/v2\/media?parent=2463"}],"curies":[{"name":"wp","href":"https:\/\/api.w.org\/{rel}","templated":true}]}}